{"id":15,"date":"2025-09-12T12:27:02","date_gmt":"2025-09-12T12:27:02","guid":{"rendered":"https:\/\/bureaupo.nl\/?page_id=15"},"modified":"2025-09-24T09:05:27","modified_gmt":"2025-09-24T09:05:27","slug":"aanbod-2","status":"publish","type":"page","link":"https:\/\/bureaupo.nl\/?page_id=15","title":{"rendered":"Aanbod"},"content":{"rendered":"\n<figure class=\"wp-block-image size-large\"><img loading=\"lazy\" decoding=\"async\" width=\"1024\" height=\"386\" src=\"https:\/\/bureaupo.nl\/wp-content\/uploads\/2025\/09\/Aanbod-1024x386.png\" alt=\"\" class=\"wp-image-12\" srcset=\"https:\/\/bureaupo.nl\/wp-content\/uploads\/2025\/09\/Aanbod-1024x386.png 1024w, https:\/\/bureaupo.nl\/wp-content\/uploads\/2025\/09\/Aanbod-300x113.png 300w, https:\/\/bureaupo.nl\/wp-content\/uploads\/2025\/09\/Aanbod-768x290.png 768w, https:\/\/bureaupo.nl\/wp-content\/uploads\/2025\/09\/Aanbod.png 1535w\" sizes=\"auto, (max-width: 1024px) 100vw, 1024px\" \/><\/figure>\n\n\n\n<div class=\"wp-block-group\"><div class=\"wp-block-group__inner-container is-layout-constrained wp-block-group-is-layout-constrained\">\n<div class=\"wp-block-group has-medium-font-size\"><div class=\"wp-block-group__inner-container is-layout-constrained wp-block-group-is-layout-constrained\">\n<div class=\"wp-block-group has-black-color has-text-color has-link-color wp-elements-cfe57a81d0a65a6f9ba6ad3129b2254b\"><div class=\"wp-block-group__inner-container is-layout-constrained wp-block-group-is-layout-constrained\">\n<h3 class=\"wp-block-heading has-large-font-size\"><strong>Ons aanbod<\/strong><\/h3>\n\n\n\n<p>Wij helpen basisscholen om <strong>van alle kinderen lezers te maken<\/strong>. Lezen is namelijk \u00e9\u00e9n van de sterkste voorspellers van schoolsucces \u00e9n levenssucces. Daarom bieden wij een compleet aanbod dat leerkrachten ondersteunt in het stimuleren van leesmotivatie en leesvaardigheid.<\/p>\n\n\n\n<p><strong>Wat wij doen:<\/strong><\/p>\n\n\n\n<ul class=\"wp-block-list\">\n<li><strong>Leesmotivatie en mindset<\/strong><br>We starten vanuit de overtuiging dat ieder kind een lezer kan worden. Met de juiste mindset en aanpak groeit lezen uit tot een zelfversterkend proces.<\/li>\n\n\n\n<li><strong>Rijke boekenkeuze<\/strong><br>We helpen scholen bij het selecteren van geschikte boeken, afgestemd op leeftijd, niveau en interesses. Van klassikale boeken en series tot stilleesboeken en voorleesboeken: onze aanpak maakt lezen aantrekkelijk en toegankelijk voor alle leerlingen.<\/li>\n\n\n\n<li><strong>Effectieve werkvormen<\/strong><br>We zetten bewezen werkvormen in, zoals stillezen, serieel lezen, leeslessen en leesgesprekken. Ook besteden we aandacht aan boekpromotie en het stellen van goede leesvragen, om kinderen te verleiden meer en beter te lezen.<\/li>\n\n\n\n<li><strong>Woordenschat en begrip<\/strong><br>Door rijke teksten en betekenisvolle context bouwen kinderen jaarlijks duizenden nieuwe woorden op. Dit ondersteunt niet alleen technisch lezen, maar versterkt ook begrijpend lezen.<\/li>\n\n\n\n<li><strong>Ondersteuning van leerkrachten<\/strong><br>De leerkracht speelt de sleutelrol. We bieden kennis, inspiratie en praktische handvatten om een leesrijke omgeving te cre\u00ebren, waarin elk kind kan groeien.<\/li>\n<\/ul>\n\n\n\n<p><strong>Ons doel:<\/strong><br>Samen zorgen we ervoor dat kinderen niet alleen leren lezen, maar vooral <strong>plezier krijgen in lezen<\/strong>, zodat ze hun woordenschat, begrip en zelfvertrouwen ontwikkelen en optimaal voorbereid zijn op hun toekomst.<\/p>\n\n\n\n<p><strong>Prijzen:<\/strong><br>Omdat iedere school en situatie uniek is, worden onze prijzen altijd <strong>in overleg met de klant<\/strong> opgemaakt. Zo zorgen we voor een passend aanbod dat aansluit bij de wensen en mogelijkheden van de school.<\/p>\n<\/div><\/div>\n<\/div><\/div>\n<\/div><\/div>\n","protected":false},"excerpt":{"rendered":"<p>Ons aanbod Wij helpen basisscholen om van alle kinderen lezers te maken. Lezen is namelijk \u00e9\u00e9n van de sterkste voorspellers van schoolsucces \u00e9n levenssucces. Daarom bieden wij een compleet aanbod dat leerkrachten ondersteunt in het stimuleren van leesmotivatie en leesvaardigheid. Wat wij doen: Ons doel:Samen zorgen we ervoor dat kinderen niet alleen leren lezen, maar&#8230;<\/p>\n<p class=\"more-link\"><a href=\"https:\/\/bureaupo.nl\/?page_id=15\"><span>Read More<\/span><i>&#43;<\/i><\/a><\/p>\n","protected":false},"author":1,"featured_media":0,"parent":0,"menu_order":0,"comment_status":"closed","ping_status":"closed","template":"","meta":{"footnotes":""},"class_list":["post-15","page","type-page","status-publish","hentry"],"_links":{"self":[{"href":"https:\/\/bureaupo.nl\/index.php?rest_route=\/wp\/v2\/pages\/15","targetHints":{"allow":["GET"]}}],"collection":[{"href":"https:\/\/bureaupo.nl\/index.php?rest_route=\/wp\/v2\/pages"}],"about":[{"href":"https:\/\/bureaupo.nl\/index.php?rest_route=\/wp\/v2\/types\/page"}],"author":[{"embeddable":true,"href":"https:\/\/bureaupo.nl\/index.php?rest_route=\/wp\/v2\/users\/1"}],"replies":[{"embeddable":true,"href":"https:\/\/bureaupo.nl\/index.php?rest_route=%2Fwp%2Fv2%2Fcomments&post=15"}],"version-history":[{"count":9,"href":"https:\/\/bureaupo.nl\/index.php?rest_route=\/wp\/v2\/pages\/15\/revisions"}],"predecessor-version":[{"id":45,"href":"https:\/\/bureaupo.nl\/index.php?rest_route=\/wp\/v2\/pages\/15\/revisions\/45"}],"wp:attachment":[{"href":"https:\/\/bureaupo.nl\/index.php?rest_route=%2Fwp%2Fv2%2Fmedia&parent=15"}],"curies":[{"name":"wp","href":"https:\/\/api.w.org\/{rel}","templated":true}]}}